mainder when m is divided by 4.
1
Let r = 193 + -92. Let o = 239 - r. Suppose 2*u = 5*u - o. Calculate the remainder when u is divided by 12.
10
Suppose -4*x - 78*g + 770 = -80*g, -5*x - 2*g = -985. What is the remainder when x is divided by 49?
48
Let x(l) = -l**3 + 7*l**2 + 17*l - 45. Suppose -a + 13 = 2*r, 12 = 3*r - 6*a + 10*a. Calculate the remainder when 49 is divided by x(r).
22
Let s = -157 - 26. Let m = -167 - s. Calculate the remainder when 413 is divided by m.
13
Suppose -2*s + 2 = 10, 2*s - 397 = 3*r. Let p = -130 - r. Calculate the remainder when 49 is divided by p.
4
Let l = -5012 + 5059. Calculate the remainder when l is divided by 22.
3
Let b = -13293 + 15177. What is the remainder when b is divided by 82?
80
Let z(i) = -138*i + 5315. What is the remainder when 279 is divided by z(38)?
66
Suppose 1394 = 50*x - 1723 + 517. What is the remainder when 793 is divided by x?
13
Suppose 3*t = -3*m + 282, 0 = m - 34*t + 28*t - 80. Calculate the remainder when m is divided by 47.
45
What is the remainder when 10*68/425 - (-28074)/10 is divided by 4?
1
Let g = 1703 + -1661. Suppose 4*f - 24 = 20. What is the remainder when g is divided by f?
9
Let f(o) = -35*o - 1060. Let t(q) = 2*q**2 - 2*q**3 - 3*q + 3*q**3 + 9*q**2. What is the remainder when f(-34) is divided by t(-11)?
31
Let c(b) = b**2 + 3*b - 11. Let w be c(3). Suppose -l = -w*l + 642. Calculate the remainder when l is divided by 32.
11
Let b = 233 + -120. What is the remainder when 1242 is divided by b?
112
Let q = -2193 - -2383. Calculate the remainder when q is divided by 33.
25
Let p(o) = 301*o - 1421. Calculate the remainder when 909 is divided by p(5).
69
Suppose -49*l - 1244 = -3743. Calculate the remainder when 679 is divided by l.
16
What is the remainder when (0 - (-2 + 20/14))*203 + -1 is divided by 67?
48
Suppose 2*c = c - 1. Let f be ((-1272)/16 + 1)/(c/2). Let d = f + 35. Calculate the remainder when d is divided by 49.
45
Let w(b) = 3*b**2 - 12*b - 18. Let h = 104 + -71. Calculate the remainder when h is divided by w(6).
15
Let j = -61 - 523. Let h be (j/20 - 7) + (-1)/(-5). What is the remainder when (-3 + (-39)/(-9))*h/(-2) is divided by 9?
6
Suppose -3*o = 0, 5*i - 3*i = -o + 6. Suppose i*q = 4*z + 35 + 39, -5*z = 3*q - 83. Calculate the remainder when 337 is divided by q.
25
Let k = 66 + -44. Calculate the remainder when k is divided by (3/9)/((-6)/(-108)).
4
Let p(a) = 11 + 0*a + a + 0*a. Let g = 686 - 671. What is the remainder when 103 is divided by p(g)?
25
Suppose 3*n - 9 = t, -2*n + 20 = 3*n. Suppose 12*g - 1710 = t*g. Calculate the remainder when g is divided by 49.
43
Let o(q) = 6*q - 12. Let m be o(6). Suppose n = t - 11 - m, -5*n - 95 = -3*t. What is the remainder when 118 is divided by t?
38
Suppose -54*g + 147 = -53*g + 2*j, -5*g = -2*j - 675. What is the remainder when g is divided by 35?
32
Let f(u) = 12*u**2 - u + 3. Let m = -61 + 65. Let i = 45 - 29. What is the remainder when f(m) is divided by i?
15
Suppose -13*i + 7956 = 65*i. Calculate the remainder when 3178/22 - i/(-187) is divided by 40.
25
Let h(l) = -l**3 + 8*l**2 - 6*l - 5. Suppose 0 = 2*y + 4*m - 36, 15 + 6 = 2*y - m. What is the remainder when y is divided by h(7)?
0
Suppose -360 = 6*j - 7*j. Let z(t) = -124*t - 281. What is the remainder when j is divided by z(-3)?
87
Suppose 93*y - 248 = 85*y. Calculate the remainder when y is divided by 29.
2
Suppose -57 = -8*f + 359. Calculate the remainder when 197 is divided by f.
41
Let y = -5355 + 5889. Calculate the remainder when y is divided by 262.
10
Suppose 4*v + 233 = -331. Let l = 156 + v. What is the remainder when l is divided by 15?
0
Suppose -j + 27*h = 22*h - 942, 2854 = 3*j - h. Calculate the remainder when j is divided by 22.
6
Let p(a) = -570*a**2 - 7*a + 4. Let c be p(2). Calculate the remainder when 56 is divided by c/(-100) - 3/(-30).
10
Let u be (6/4)/(-6*(-4)/(-6592)). Let t = 443 + u. Calculate the remainder when 182 is divided by t.
27
Suppose -3*m = -3*h - 42, -2*m + 16 = -6*h + 10*h. Suppose 6*n - 2*n - m = 0. Suppose -215 = -n*i - 47. What is the remainder when i is divided by 31?
25
Suppose 3*o - 26 = -4*a, 0 = 3*a - 0*a - 3*o - 9. Suppose 0 = -5*l - 25, 4*t + 5*l + 0 = -a. Calculate the remainder when 36 is divided by t.
1
Let n(o) = 2819*o + 1678. What is the remainder when n(0) is divided by 414?
22
Let n be (-72)/(-15)*25/15. Suppose n*z - 2548 = -20*z. Calculate the remainder when 359 is divided by z.
86
Suppose 218*n = 542*n + 193*n - 3102. Calculate the remainder when 9610 is divided by n.
4
Let r = 12658 - 7533. Calculate the remainder when r is divided by 22.
21
Let u(r) = 154*r + 35. Calculate the remainder when 1462 is divided by u(1).
139
Let j(h) = h**3 - 39*h**2 + 27*h + 613. What is the remainder when j(38) is divided by 133?
62
Suppose -2*c = 6, 72*z - 1397 = 67*z - c. Calculate the remainder when z is divided by 267.
13
Let l = -8910 - -8942. What is the remainder when 290 is divided by l?
2
Let z = 15 + -17. Let n(w) be the third derivative of -7*w**4/8 + 2*w**2 + 6. What is the remainder when n(z) is divided by 15?
12
Suppose -23*c + 28*c - 170 = 0. Suppose -c = -2*m + i, 2*m + i = -3*m + 78. Let v(y) = -2*y - 5. Calculate the remainder when m is divided by v(-5).
1
Suppose -253*z + 249*z + g + 109 = 0, 0 = z + 2*g - 16. What is the remainder when 990 is divided by z?
2
Let i(b) = -b**3 + 12*b**2 - 18*b - 12. Let l be i(10). Suppose -l*h + 17 = 1. What is the remainder when (0 + 5)/((-2)/(-4)) is divided by h?
0
Suppose -d + 0*u - u = -21, -9 = -3*u. Let j = -60 + 64. Suppose 3*s - 101 = 2*x - j*x, -5*s = 3*x - 169. Calculate the remainder when s is divided by d.
17
Let x(n) be the first derivative of n**4/4 + n**3/3 - 7*n**2/2 + 2*n - 13. Let s be x(-7). What is the remainder when 47 is divided by (-6)/30 + s/(-15)?
15
Let t(y) = -59*y - 148. Let z = -5 + 70. What is the remainder when z is divided by t(-3)?
7
Let x(r) = -2*r**2 - r + 152. Let h(k) = k**2 - 75. Let u(n) = 7*h(n) + 4*x(n). What is the remainder when u(7) is divided by 1?
0
Let g = 44 + -25. What is the remainder when -4*(2 - 3) + g is divided by 6976/763 + (-2)/14?
5
Suppose m + 487 = 4*x, x - 87 = -5*m - 2. Calculate the remainder when 3836 is divided by x.
116
Let p(x) = 15*x**2 + 270*x - 36. Calculate the remainder when p(-29) is divided by 6.
3
Suppose -4*p - 789 = -430*z + 427*z, 2*z - 492 = -3*p. What is the remainder when 23203 is divided by z?
253
Suppose -7*g = 6*g - 975. Let k = g - 70. Suppose k*x - 40 = -5*o, -5*x + 3 = -3*o - 5. Calculate the remainder when 4 is divided by o.
0
Suppose -3262 = -16*y + 9*y. Calculate the remainder when y is divided by 52.
50
Let s = 132 + -112. Calculate the remainder when 3304/s - ((-12)/15 - -1) is divided by 56.
53
Suppose 17*r - 60 = -t + 20*r, -t - r = -44. What is the remainder when (4*237/t)/((-2)/(-8)) is divided by 14?
9
Let i(u) = -u**2 + 13*u - 21. Calculate the remainder when ((-6)/4)/(200319/(-12516) + 16) is divided by i(9).
13
Let b(v) = -v**3 + v**2 + 4*v - 5. Suppose -y + f = 1, 0*f - f + 5 = y. Let d be b(y). Calculate the remainder when 6 is divided by (-28)/(-8) + d/(-2).
2
Let b = 86 + 46. Let u = 282 - 306. Calculate the remainder when b is divided by 1 - (u*(-12)/(-8) - -3).
30
Let t(j) = -20 - 37 + 19*j - 27*j. Let x be 42/(-4) + 2/4. Calculate the remainder when t(x) is divided by 12.
11
Suppose -6*f + 719 = -319. Let j(x) = -2*x**2 + 6*x. Let d be j(3). Calculate the remainder when f is divided by (2 - (-7 - -2 - d))*5.
33
Suppose 18*v - 39 - 159 = 0. Let d(f) = 3*f**2 - 32*f + 9. What is the remainder when 1/(-2)*330/(-3) is divided by d(v)?
15
Suppose 4*v - 28 = 4*x + x, -2*x - 2 = 3*v. What is the remainder when -692*x/10*(-40)/(-64) is divided by 87?
86
Suppose -4*z - 3342 = -12*b + 2830, 5*b - 2555 = 5*z. Calculate the remainder when b is divided by 48.
36
Let l(c) = 7*c**2 - 65*c - 3. Calculate the remainder when l(12) is divided by 44.
5
Let h be (6/2 + 1)/(11/(-22)). Let p be (64/12)/h*-3. What is the remainder when 61 + 5*(0 - p/5) is divided by 10?
9
Suppose m - 2*a = 23 - 68, a - 215 = 4*m. Let f = 56 + m. Calculate the remainder when (-220)/(-12) + (4/6 - f) is divided by 11.
7
Let w(t) = -27*t**3 + 3*t**2 + 19*t + 18. What is the remainder wh